r?
True
Let r(l) = -l**2 - 5*l - 6. Let q be r(5). Let v be 19/76 + ((-6366)/(-8) - -3). Let f = v + q. Is f composite?
False
Let s(w) = -w + 2. Let d be s(-1). Suppose 0*g - d*g = 2*u - 2645, 3970 = 3*u + 5*g. Is u a prime number?
False
Suppose -u + u = u. Suppose 5*w + u*w + 3*h = 5830, 0 = -w - 4*h + 1149. Is w a prime number?
False
Let f be 79 + -53 + 16/(-2). Suppose 0*d + 3*d + 5*y - 2865 = 0, -4*y + 955 = d. Suppose -13*k = -f*k + d. Is k a composite number?
False
Let q(u) = -605446*u**3 + u**2 - 1. Is q(-1) composite?
True
Suppose -16529 = -5*y + 4*b - 8*b, 3*y - 9920 = -5*b. Suppose -5*q - 2009 - y = -2*i, -5*q = -3*i + 7971. Is i a prime number?
True
Let z = -781 + 409. Let k = 710 - -191. Let l = k + z. Is l a prime number?
False
Let p(i) = i - 15. Let f be p(-3). Is 68/(-306) - 48946/f a composite number?
False
Let v(p) = p**3 + p + 667. Let r be v(0). Let x = 157 + r. Suppose 10*k - 1506 = x. Is k composite?
False
Let k(s) = 12*s**3. Let x be k(-1). Is (-9)/x - (-17525)/20 a composite number?
False
Suppose 2*m + 209461 = w, 0 = 5*w + m - 1348211 + 300950. Is w a composite number?
True
Suppose 0 = 2*r - 71699 - 102147. Is r a composite number?
False
Suppose -4*z + 7 - 23 = 2*j, -5*j - 4*z - 16 = 0. Let s(l) = -l**3 - l**2 + l - 12. Let c be s(j). Is (-120)/c*(-74)/(-4) prime?
False
Let h(f) be the third derivative of -149*f**6/120 - f**4/24 + 8*f**2. Let a be h(-1). Let j = a + 143. Is j prime?
True
Suppose -4*c + 3*j = -7, 0*c - 11 = -5*c + 3*j. Is 367380/25 + c - (-6)/(-30) a composite number?
False
Let r(a) = a**3 + 20*a**2 - a + 403253. Is r(0) a composite number?
False
Suppose 4*m + 2973 = -5*v + 24773, v = 0. Suppose m = 5*f - w, 0*f - 1090 = -f + 2*w. Let h = f + -123. Is h a composite number?
False
Suppose -q = -96*z + 99*z - 1291947, -q = 2*q. Is z composite?
False
Let i(m) = 9*m**3 - 3*m**2 + 7*m + 2. Let o be i(2). Suppose -o*d = -59*d - 26231. Is d a composite number?
False
Let r = -270 - -30. Let a = 389 + r. Is a prime?
True
Let j(t) = -t**3 + 9*t**2 - t + 4. Let c be j(9). Is c/1 + 6 + 3816 composite?
True
Let q(r) = 1916*r**2 + 8*r - 30. Let b be q(4). Let h = b - 21627. Is h prime?
False
Suppose 372 = -2*n + 376. Suppose n*z = -445 + 10371. Is z a composite number?
True
Let t = -177184 + 307521. Is t composite?
False
Let s be (7 - -2)/(186/7006). Let z(h) = -h - 1. Let d be z(-5). Suppose 2*y = 3*a - 162 - 37, 5*a + d*y = s. Is a a composite number?
False
Is (-975)/234 - (-5)/(-6) - -89566 composite?
False
Suppose 0 = -5*b - 81 + 746. Suppose 0*a = -3*a - 9, 4*k - b = -5*a. Let h = k - -25. Is h composite?
True
Suppose -66*h + 332247 + 1375965 = 0. Is h composite?
True
Let w = -590 - 430. Let x = 151 - w. Is x a composite number?
False
Suppose -2*u - 45 = 3*u. Let a be u/(-4) - 1/4. Suppose 0*k + 1688 = 2*z + a*k, -3*z + 2508 = -5*k. Is z a prime number?
False
Let l be ((-115)/92)/(14/8 + -2). Suppose r = 2*n + 2713, -2*n + 4154 = l*r - 9375. Is r prime?
True
Let r = 310 + -312. Is (138909/38)/(r/(-4)) a prime number?
False
Suppose -1213708 = -4*t - 4*s, -43*s = 3*t - 38*s - 910273. Is t a composite number?
False
Let p = 161077 - 34239. Is p composite?
True
Is 178784 - (5/((-50)/20) + -7) a prime number?
True
Let w = -112 + 116. Let l be 1/w + (2 - (-18584)/32). Suppose 11*v - 17402 + l = 0. Is v a composite number?
True
Let m(q) be the third derivative of q**5/30 - 13*q**4/24 + 14*q**3/3 - 8*q**2. Let b be m(13). Let c = -103 + b. Is c a prime number?
False
Suppose a = -7*a + 264. Let d = -29 + a. Suppose d*j = 699 + 2105. Is j a prime number?
True
Let r be (-4)/6 - 124/(-6). Let v(h) = 108*h + 889. Let d be v(-8). Suppose -d*n = -r*n - 235. Is n composite?
False
Suppose 3*p + 3*q = -6, -3*q = 2*p + 4 - 0. Let r(v) = v + 4. Let b be r(p). Is 1262/(5 - (5 - b)) a composite number?
False
Is (1 + (-15)/(-6))*(-26958)/(-21) a prime number?
True
Suppose 42 = -5*l + 2*m, -4*l + 6 - 43 = -5*m. Let q = 13 + l. Suppose q*b = 1331 + 1344. Is b prime?
False
Suppose -13210 - 145274 = -12*n. Let v = n - 7355. Suppose 0 = 4*u - 4*s - v, -5*s + 2*s + 1455 = u. Is u prime?
False
Let q be (-3)/(-1*(0 + -1 + 2)). Suppose 9483 - 900 = q*w. Is w prime?
True
Suppose -q - 2*q = 66. Let h be (2/(-6))/(-4*4/1728). Let y = q + h. Is y a composite number?
True
Suppose 19*y = -1132 + 3526. Is (7*12/y)/(2/28986) a prime number?
False
Let w be -2 - -1 - -2 - -4804. Suppose a + 3 = 2*l, 0*a - 5*a + 5*l = 0. Suppose a*v = w - 1838. Is v composite?
True
Let v(n) be the third derivative of -n**6/40 - 4*n**5/15 - 5*n**4/24 + 17*n**3/6 + 3*n**2. Is v(-6) a composite number?
True
Suppose -429756 = -4*u - 2*i, 5*u = 3*i + 360398 + 176775. Is u a prime number?
False
Is (30 - 33)*(-942008)/24 prime?
True
Let a(w) = 45*w**2 + 139*w - 1133. Is a(8) composite?
True
Suppose 19*s - 46*s = 0. Suppose s = -2*m + 62500 + 44458. Is m a composite number?
False
Let o(m) = -m**2 - 10*m - 25. Let q be o(13). Let j = q + 509. Is j + ((-20)/(-30))/(2/6) prime?
False
Let u(a) = 1973*a**2 + 2*a + 16. Is u(5) a composite number?
True
Let z(b) = -40575*b - 118. Is z(-1) a prime number?
False
Let x = 126259 - -21612. Is x a composite number?
True
Is (2 - 112/58) + (-73145018)/(-1682) prime?
True
Let v(t) = 6*t**2 - 2*t + 37. Let r be v(11). Is 4/26 - (-12092265)/r a prime number?
True
Suppose -19*s - 3*s + 138 = s. Let a be (-178)/4*(0 - 346). Suppose 0 = -s*f + 11057 + a. Is f prime?
True
Suppose 4*n - 297187 = -j - 101664, n + 977678 = 5*j. Is j a composite number?
True
Let p be (5 - (17 + -9)) + 271*-1. Let v = -147 - p. Is v a prime number?
True
Is (-16)/64*((-2)/(-2) + -509765) prime?
False
Suppose -225396 = -16*n + 1824892. Is n a prime number?
False
Let j = 418 - -13816. Suppose 3*a - j = -5*m - 0*a, 0 = 2*m - 3*a - 5681. Is m prime?
False
Suppose 36 - 30 = 3*r. Let y(d) = -5*d + 0*d**2 + d**2 - 19*d**r - 13 + 3*d**3. Is y(8) a prime number?
True
Let o(l) = 2861*l - 4309. Is o(70) a composite number?
True
Let u = 4 + -3. Is -3 - u - -6551*(5 - 4) a composite number?
False
Let y = -97870 + 148149. Is y composite?
True
Let t(z) = z**2 - 8*z + 7. Let s be t(7). Let j be 0/(s - (-4)/2). Suppose j = -l - 0*l + 694. Is l composite?
True
Suppose -3*x + 975024 = -455296 + 401839. Is x prime?
False
Suppose -10562 = -j - 326. Suppose 19*w + j = 13*w. Is (w/(-10))/((-19)/(-95)) a prime number?
True
Suppose -5*p - 122 = -142. Let c be p*(-25)/(-30)*(-9)/(-10). Is ((-44)/18*c)/((-2)/321) a composite number?
True
Suppose 0 = 5*z - 8*v + 11*v - 1738258, -5*v = -3*z + 1042948. Is z a composite number?
False
Suppose -122*o + 245764 = -118*o + k, o - 5*k - 61441 = 0. Is o prime?
True
Let p(h) = -h**3 + 7*h**2 - 10*h + 2. Let v be p(3). Suppose v*r - 14922 = 38062. Is r a composite number?
True
Let h = 307946 + -209743. Is h a prime number?
False
Let x = 4494 + -2976. Suppose 14796 + x = 6*i. Is i a composite number?
False
Let m be (-18)/(-15)*69280/4. Suppose 3*x + 0*g - 2*g - 15589 = 0, 4*x - 3*g = m. Is x composite?
True
Let x = 504076 - 359013. Is x a prime number?
True
Let u = 83 - 83. Let l(c) = c**2 + c + 5. Let w be l(u). Suppose -3*a = -4*s - 1073, -w*a + 2*a - 4*s + 1081 = 0. Is a a composite number?
False
Suppose -11*d = 47*d - 15*d - 19413683. Is d a composite number?
False
Suppose 5*m - 1195384 = 3*j - 5479466, -j = 5*m - 1428034. Is j a composite number?
False
Is (-2961724 - -1*2)*((-180)/8)/45 composite?
False
Let s(a) = 173*a + 91. Let c(u) = u - 1. Let y(x) = -5*c(x) - s(x). Is y(-6) a composite number?
True
Let o(l) = -234*l**2 - 11*l - 12. Let q be o(-1). Let s = q + 2726. Is s a composite number?
True
Let f(p) = 4*p + 2*p**3 + 4*p - 5*p + 2*p + 6*p**2. Let u be f(-3). Is (-20337)/u - (-8)/(-10) prime?
False
Let h = 4302 - 6170. Let q = -1201 - h. Is q a prime number?
False
Let m(c) = 4213*c - 459. Let i(v) = 2106*v - 229. Let s(a) = 5*i(a) - 2*m(a). Let u(o) = 421*o - 45. Let g(z) = 2*s(z) - 11*u(z). Is g(-10) a prime number?
True
Suppose -3*q + 137 = 5*d - 6*q, 113 = 5*d + 3*q. Suppose d*t - 31*t = -18822. Is t a composite number?
False
Suppose -3*m + 71231 + 67462 = 0. Suppose -m + 12901 = -11*y. Let l = y - 1593. Is l a composite number?
True
Let z = 7299 - 4577. Is z prime?
False
Let a = -2060509 + 3362622. Is a a prime number?
False
Suppose -a + 65 = 56.